{"id":2856,"date":"2024-10-09T15:40:43","date_gmt":"2024-10-09T15:40:43","guid":{"rendered":"https:\/\/salalacuadra.es\/?page_id=2856"},"modified":"2024-10-09T16:28:04","modified_gmt":"2024-10-09T16:28:04","slug":"creatividad","status":"publish","type":"page","link":"https:\/\/salalacuadra.es\/en\/creatividad\/","title":{"rendered":"Creatividad &#8211; entre dos mundos"},"content":{"rendered":"<div data-elementor-type=\"wp-page\" data-elementor-id=\"2856\" class=\"elementor elementor-2856\">\n\t\t\t\t\t\t\t\t\t<section class=\"elementor-section elementor-top-section elementor-element elementor-element-f3455c4 elementor-section-height-min-height elementor-section-boxed elementor-section-height-default elementor-section-items-middle\" data-id=\"f3455c4\" data-element_type=\"section\" data-settings=\"{&quot;background_background&quot;:&quot;classic&quot;}\">\n\t\t\t\t\t\t\t<div class=\"elementor-background-overlay\"><\/div>\n\t\t\t\t\t\t\t<div class=\"elementor-container elementor-column-gap-default\">\n\t\t\t\t\t<div class=\"elementor-column elementor-col-100 elementor-top-column elementor-element elementor-element-4e436ac\" data-id=\"4e436ac\" data-element_type=\"column\">\n\t\t\t<div class=\"elementor-widget-wrap elementor-element-populated\">\n\t\t\t\t\t\t\t\t<div class=\"elementor-element elementor-element-996efc4 elementor-widget elementor-widget-heading\" data-id=\"996efc4\" data-element_type=\"widget\" data-widget_type=\"heading.default\">\n\t\t\t\t<div class=\"elementor-widget-container\">\n\t\t\t<h2 class=\"elementor-heading-title elementor-size-default\">Creativity <br>Between two worlds<\/h2>\t\t<\/div>\n\t\t\t\t<\/div>\n\t\t\t\t\t<\/div>\n\t\t<\/div>\n\t\t\t\t\t\t\t<\/div>\n\t\t<\/section>\n\t\t\t\t<section class=\"elementor-section elementor-top-section elementor-element elementor-element-60cfe16 elementor-section-boxed elementor-section-height-default elementor-section-height-default\" data-id=\"60cfe16\" data-element_type=\"section\">\n\t\t\t\t\t\t<div class=\"elementor-container elementor-column-gap-wider\">\n\t\t\t\t\t<div class=\"elementor-column elementor-col-50 elementor-top-column elementor-element elementor-element-ed87ee2\" data-id=\"ed87ee2\" data-element_type=\"column\">\n\t\t\t<div class=\"elementor-widget-wrap elementor-element-populated\">\n\t\t\t\t\t\t\t\t<section class=\"elementor-section elementor-inner-section elementor-element elementor-element-68ebe3a elementor-section-boxed elementor-section-height-default elementor-section-height-default\" data-id=\"68ebe3a\" data-element_type=\"section\">\n\t\t\t\t\t\t<div class=\"elementor-container elementor-column-gap-default\">\n\t\t\t\t\t<div class=\"elementor-column elementor-col-100 elementor-inner-column elementor-element elementor-element-83eb817\" data-id=\"83eb817\" data-element_type=\"column\">\n\t\t\t<div class=\"elementor-widget-wrap elementor-element-populated\">\n\t\t\t\t\t\t\t\t<div class=\"elementor-element elementor-element-36ccd5b elementor-widget__width-auto elementor-widget elementor-widget-heading\" data-id=\"36ccd5b\" data-element_type=\"widget\" data-widget_type=\"heading.default\">\n\t\t\t\t<div class=\"elementor-widget-container\">\n\t\t\t<h1 class=\"elementor-heading-title elementor-size-default\">workshop description<\/h1>\t\t<\/div>\n\t\t\t\t<\/div>\n\t\t\t\t<div class=\"elementor-element elementor-element-6e66d81 elementor-widget elementor-widget-text-editor\" data-id=\"6e66d81\" data-element_type=\"widget\" data-widget_type=\"text-editor.default\">\n\t\t\t\t<div class=\"elementor-widget-container\">\n\t\t\t\t\t\t\t<p><strong>Creativity \u2013 Between two worlds<br><\/strong><\/p>\n<p style=\"margin-bottom: 0cm;\" align=\"JUSTIFY\">We propose a series of creative, contemplative and presence practices. Through different artistic tools we will embark on a journey to the sources of our own creativity.<\/p><p style=\"margin-bottom: 0cm;\" align=\"JUSTIFY\"><br><\/p>\n<p style=\"margin-bottom: 0cm;\" align=\"JUSTIFY\">\n<\/p><p style=\"margin-bottom: 0cm;\" align=\"JUSTIFY\">\n<\/p><p style=\"margin-bottom: 0cm;\" align=\"JUSTIFY\">\n<\/p><p style=\"margin-bottom: 0cm;\" align=\"JUSTIFY\">\n<\/p><p style=\"margin-bottom: 0cm;\" align=\"JUSTIFY\">\n<\/p><p style=\"margin-bottom: 0cm;\" align=\"JUSTIFY\">\n<\/p><p style=\"margin-bottom: 0cm;\" align=\"JUSTIFY\">\n<\/p><p style=\"margin-bottom: 0cm;\" align=\"JUSTIFY\">These practices invite us to immerse ourselves in the world of imagination and to express it in different ways: movement, voice, plastic arts or written word. The objective of this intensive workshop is not to produce a result, but to open ourselves to the continuity of a process, to be able to inhabit it and discover ourselves in it.<\/p>\n<p style=\"margin-bottom: 0cm;\" align=\"JUSTIFY\">\n<\/p><p style=\"margin-bottom: 0cm;\" align=\"JUSTIFY\">\n<\/p><p style=\"margin-bottom: 0cm;\" align=\"JUSTIFY\">&#8212;&#8211;<\/p><p style=\"margin-bottom: 0cm;\" align=\"JUSTIFY\"><br><\/p>\n<p style=\"margin-bottom: 0cm;\" align=\"JUSTIFY\">\n<\/p><p style=\"margin-bottom: 0cm;\" align=\"JUSTIFY\">\n<\/p><p style=\"margin-bottom: 0cm;\" align=\"JUSTIFY\">\n<\/p><p style=\"margin-bottom: 0cm;\" align=\"JUSTIFY\">\n<\/p><p style=\"margin-bottom: 0cm;\" align=\"JUSTIFY\">\n<\/p><p style=\"margin-bottom: 0cm;\" align=\"JUSTIFY\">\n<\/p><p style=\"margin-bottom: 0cm;\" align=\"JUSTIFY\">The multiple crises that global life is going through \u2013 ecological, political, economic, social, spiritual\u2026 and their magnitude, seem to indicate that we are in a moment of profound transformation of reality as we know it. An intermediate state between a world that is disappearing and another that has not yet emerged. This idea of liminal space or intermediate place serves as a framework for this adventure that is both individual and collective.<\/p><p style=\"margin-bottom: 0cm;\" align=\"JUSTIFY\"><br><\/p>\n<p style=\"margin-bottom: 0cm;\" align=\"JUSTIFY\">\n<\/p><p style=\"margin-bottom: 0cm;\" align=\"JUSTIFY\">\n<\/p><p style=\"margin-bottom: 0cm;\" align=\"JUSTIFY\">\n<\/p><p style=\"margin-bottom: 0cm;\" align=\"JUSTIFY\">\n<\/p><p style=\"margin-bottom: 0cm;\" align=\"JUSTIFY\">\n<\/p><p style=\"margin-bottom: 0cm;\" align=\"JUSTIFY\">\n<\/p><p style=\"margin-bottom: 0cm;\" align=\"JUSTIFY\">\n<\/p><p style=\"margin-bottom: 0cm;\" align=\"JUSTIFY\">In a profound sense, art, play or imagination are intermediate spaces where we can conceive new integrative visions of our internal and external reality. It is the task of art to help us re-weave connections in a seemingly fragmented world.<\/p>\n<p><b>&#8212;-<br><\/b><\/p>\n<p><b>Dates and time:<\/b><\/p>\n<p>November 9 and 10: 10:00 a.m. to 6:00 p.m. (with one hour break)<\/p>\n<p><\/p>\n<p><b>Place:<\/b><\/p>\n<p>La Cuadra \u2013 Los Nietos Viejos- <a href=\"https:\/\/maps.app.goo.gl\/inKPkZLPb7YtZTLv6\" target=\"_blank\" rel=\"noopener\">Location<\/a><\/p>\n<p>12 participants maximum.<\/p>\n<p><b>Contribution:<\/b> 110 Euros<\/p>\n<p><b>Registration form:<\/b><\/p>\n<p>Click <a href=\"https:\/\/docs.google.com\/forms\/d\/e\/1FAIpQLSflqjYSLpauFpo1YQe3sEFQS84UlMdTUvHH02r52oxzDZs7JQ\/viewform?usp=sf_link\" target=\"_blank\" rel=\"noopener\">here <\/a>To access<\/p>\n<p><b>Discounts: <\/b><\/p>\n<p>Until October 25th:<\/p>\n<p>Early booking: 85 Euros<\/p>\n<p>2 registrations for 160 Euros<\/p>\n<p><\/p>\n<p><b>Requirements:<\/b>&nbsp;<\/p>\n<p>Suggested age: 20 years and up.<\/p>\n<p>Bring comfortable clothing for movement.<\/p>\n<p><\/p>\n<p><b>Transportation from Murcia and accommodation in Los Nietos<\/b>:<\/p>\n<p>Los Nietos Viejos is accessible by public transportation.<\/p>\n<p>We leave you here the link to the train schedules from Cartagena:<\/p>\n<p>https:\/\/www.adif.es\/-\/05973-nietos-viejos<\/p>\n<p>We will try to coordinate participants coming from Murcia to facilitate access to those who do not have their own means of transportation. There are also possibilities of spending the night in Los Nietos. Ask us<\/p>\t\t\t\t\t\t<\/div>\n\t\t\t\t<\/div>\n\t\t\t\t\t<\/div>\n\t\t<\/div>\n\t\t\t\t\t\t\t<\/div>\n\t\t<\/section>\n\t\t\t\t\t<\/div>\n\t\t<\/div>\n\t\t\t\t<div class=\"elementor-column elementor-col-50 elementor-top-column elementor-element elementor-element-9d94234\" data-id=\"9d94234\" data-element_type=\"column\">\n\t\t\t<div class=\"elementor-widget-wrap elementor-element-populated\">\n\t\t\t\t\t\t\t\t<div class=\"elementor-element elementor-element-a8e65d4 elementor-widget elementor-widget-image\" data-id=\"a8e65d4\" data-element_type=\"widget\" data-widget_type=\"image.default\">\n\t\t\t\t<div class=\"elementor-widget-container\">\n\t\t\t\t\t\t\t\t\t\t\t\t\t\t\t<img decoding=\"async\" width=\"1707\" height=\"2560\" src=\"https:\/\/salalacuadra.es\/wp-content\/uploads\/2023\/12\/1_AQQQ7931-scaled.jpg\" class=\"attachment-full size-full wp-image-2014\" alt=\"\" srcset=\"https:\/\/salalacuadra.es\/wp-content\/uploads\/2023\/12\/1_AQQQ7931-scaled.jpg 1707w, https:\/\/salalacuadra.es\/wp-content\/uploads\/2023\/12\/1_AQQQ7931-1024x1536.jpg 1024w, https:\/\/salalacuadra.es\/wp-content\/uploads\/2023\/12\/1_AQQQ7931-1365x2048.jpg 1365w\" sizes=\"(max-width: 1707px) 100vw, 1707px\" \/>\t\t\t\t\t\t\t\t\t\t\t\t\t\t\t<\/div>\n\t\t\t\t<\/div>\n\t\t\t\t<section class=\"elementor-section elementor-inner-section elementor-element elementor-element-78bed70 elementor-section-boxed elementor-section-height-default elementor-section-height-default\" data-id=\"78bed70\" data-element_type=\"section\">\n\t\t\t\t\t\t<div class=\"elementor-container elementor-column-gap-default\">\n\t\t\t\t\t<div class=\"elementor-column elementor-col-100 elementor-inner-column elementor-element elementor-element-719f810\" data-id=\"719f810\" data-element_type=\"column\">\n\t\t\t<div class=\"elementor-widget-wrap elementor-element-populated\">\n\t\t\t\t\t\t\t\t<div class=\"elementor-element elementor-element-79c3bbf elementor-widget__width-auto elementor-widget elementor-widget-heading\" data-id=\"79c3bbf\" data-element_type=\"widget\" data-widget_type=\"heading.default\">\n\t\t\t\t<div class=\"elementor-widget-container\">\n\t\t\t<h1 class=\"elementor-heading-title elementor-size-default\">About Carlos<\/h1>\t\t<\/div>\n\t\t\t\t<\/div>\n\t\t\t\t<div class=\"elementor-element elementor-element-4dc1c19 elementor-widget__width-initial elementor-widget elementor-widget-text-editor\" data-id=\"4dc1c19\" data-element_type=\"widget\" data-widget_type=\"text-editor.default\">\n\t\t\t\t<div class=\"elementor-widget-container\">\n\t\t\t\t\t\t\t<p align=\"JUSTIFY\"><span style=\"font-family: Calibri, sans-serif;\">The workshop will be led by Carlos Cegarra, actor, stage designer and facilitator of creative processes. His teaching work has led him to take part in educational projects in multiple countries as well as higher education institutions in different parts of the world.<\/span><\/p><p align=\"JUSTIFY\"><span style=\"font-family: Calibri, sans-serif;\">Graduated in 2010 from the London International School of Performing Arts since then, Carlos has continued to research gestural theatre, theatrical play, the mask as a ritual element and as a pedagogical tool, the intersections between dance and theatre as well as other avenues of study and learning through movement.<\/span><\/p><p align=\"JUSTIFY\"><span style=\"font-family: Calibri, sans-serif;\">She is currently furthering her artistic and educational training within the Integral Embodiment and Performance Making programme at the Thomas Prattki Centre, Berlin\/Ameland. Her interest is oriented towards integral processes of the body that allow for greater creative autonomy, and to develop a performing practice where the personal, the political and the myth can meet.<\/span><\/p>\t\t\t\t\t\t<\/div>\n\t\t\t\t<\/div>\n\t\t\t\t\t<\/div>\n\t\t<\/div>\n\t\t\t\t\t\t\t<\/div>\n\t\t<\/section>\n\t\t\t\t\t<\/div>\n\t\t<\/div>\n\t\t\t\t\t\t\t<\/div>\n\t\t<\/section>\n\t\t\t\t\t\t\t<\/div>","protected":false},"excerpt":{"rendered":"<p>Creatividad Entre dos mundos descripci\u00f3n del taller Creatividad &#8211; Entre dos mundos Proponemos una serie de pr\u00e1cticas creativas, contemplativas y de presencia. A trav\u00e9s de diferentes herramientas art\u00edsticas nos embarcaremos [&hellip;]<\/p>","protected":false},"author":1,"featured_media":0,"parent":0,"menu_order":0,"comment_status":"closed","ping_status":"closed","template":"elementor_header_footer","meta":{"_monsterinsights_skip_tracking":false,"_monsterinsights_sitenote_active":false,"_monsterinsights_sitenote_note":"","_monsterinsights_sitenote_category":0,"footnotes":""},"_links":{"self":[{"href":"https:\/\/salalacuadra.es\/en\/wp-json\/wp\/v2\/pages\/2856"}],"collection":[{"href":"https:\/\/salalacuadra.es\/en\/wp-json\/wp\/v2\/pages"}],"about":[{"href":"https:\/\/salalacuadra.es\/en\/wp-json\/wp\/v2\/types\/page"}],"author":[{"embeddable":true,"href":"https:\/\/salalacuadra.es\/en\/wp-json\/wp\/v2\/users\/1"}],"replies":[{"embeddable":true,"href":"https:\/\/salalacuadra.es\/en\/wp-json\/wp\/v2\/comments?post=2856"}],"version-history":[{"count":34,"href":"https:\/\/salalacuadra.es\/en\/wp-json\/wp\/v2\/pages\/2856\/revisions"}],"predecessor-version":[{"id":2909,"href":"https:\/\/salalacuadra.es\/en\/wp-json\/wp\/v2\/pages\/2856\/revisions\/2909"}],"wp:attachment":[{"href":"https:\/\/salalacuadra.es\/en\/wp-json\/wp\/v2\/media?parent=2856"}],"curies":[{"name":"wp","href":"https:\/\/api.w.org\/{rel}","templated":true}]}}

<p>Creatividad Entre dos mundos descripción del taller Creatividad &#8211; Entre dos mundos Proponemos una serie de prácticas creativas, contemplativas y de presencia. A través de diferentes herramientas artísticas nos embarcaremos [&hellip;]</p>
