{"id":3475,"date":"2026-09-04T08:39:26","date_gmt":"2026-09-04T08:39:26","guid":{"rendered":"https:\/\/salalacuadra.es\/?page_id=3475"},"modified":"2026-09-04T08:51:53","modified_gmt":"2026-09-04T08:51:53","slug":"cuerpo-imaginal","status":"publish","type":"page","link":"https:\/\/salalacuadra.es\/en\/cuerpo-imaginal\/","title":{"rendered":"Imaginal Body"},"content":{"rendered":"<div data-elementor-type=\"wp-page\" data-elementor-id=\"3475\" class=\"elementor elementor-3475\">\n\t\t\t\t\t\t\t\t\t<section class=\"elementor-section elementor-top-section elementor-element elementor-element-f3455c4 elementor-section-height-min-height elementor-section-boxed elementor-section-height-default elementor-section-items-middle\" data-id=\"f3455c4\" data-element_type=\"section\" data-settings=\"{&quot;background_background&quot;:&quot;classic&quot;}\">\n\t\t\t\t\t\t\t<div class=\"elementor-background-overlay\"><\/div>\n\t\t\t\t\t\t\t<div class=\"elementor-container elementor-column-gap-default\">\n\t\t\t\t\t<div class=\"elementor-column elementor-col-100 elementor-top-column elementor-element elementor-element-4e436ac\" data-id=\"4e436ac\" data-element_type=\"column\">\n\t\t\t<div class=\"elementor-widget-wrap elementor-element-populated\">\n\t\t\t\t\t\t\t\t\t<\/div>\n\t\t<\/div>\n\t\t\t\t\t\t\t<\/div>\n\t\t<\/section>\n\t\t\t\t<section class=\"elementor-section elementor-top-section elementor-element elementor-element-60cfe16 elementor-section-boxed elementor-section-height-default elementor-section-height-default\" data-id=\"60cfe16\" data-element_type=\"section\">\n\t\t\t\t\t\t<div class=\"elementor-container elementor-column-gap-wider\">\n\t\t\t\t\t<div class=\"elementor-column elementor-col-50 elementor-top-column elementor-element elementor-element-ed87ee2\" data-id=\"ed87ee2\" data-element_type=\"column\">\n\t\t\t<div class=\"elementor-widget-wrap elementor-element-populated\">\n\t\t\t\t\t\t\t\t<section class=\"elementor-section elementor-inner-section elementor-element elementor-element-68ebe3a elementor-section-boxed elementor-section-height-default elementor-section-height-default\" data-id=\"68ebe3a\" data-element_type=\"section\">\n\t\t\t\t\t\t<div class=\"elementor-container elementor-column-gap-default\">\n\t\t\t\t\t<div class=\"elementor-column elementor-col-100 elementor-inner-column elementor-element elementor-element-83eb817\" data-id=\"83eb817\" data-element_type=\"column\">\n\t\t\t<div class=\"elementor-widget-wrap elementor-element-populated\">\n\t\t\t\t\t\t\t\t<div class=\"elementor-element elementor-element-36ccd5b elementor-widget__width-auto elementor-widget elementor-widget-heading\" data-id=\"36ccd5b\" data-element_type=\"widget\" data-widget_type=\"heading.default\">\n\t\t\t\t<div class=\"elementor-widget-container\">\n\t\t\t<h1 class=\"elementor-heading-title elementor-size-default\">workshop description<\/h1>\t\t<\/div>\n\t\t\t\t<\/div>\n\t\t\t\t<div class=\"elementor-element elementor-element-6e66d81 elementor-widget elementor-widget-text-editor\" data-id=\"6e66d81\" data-element_type=\"widget\" data-widget_type=\"text-editor.default\">\n\t\t\t\t<div class=\"elementor-widget-container\">\n\t\t\t\t\t\t\t<h1>CUERPO IMAGINAL<\/h1>\n<h3>Imaginaci\u00f3n, cuerpo y creaci\u00f3n<\/h3>\n<h2>Descripci\u00f3n del curso<\/h2>\n<p><strong>Laboratorio de investigaci\u00f3n creativa<\/strong><\/p>\n<p>Un espacio semanal de exploraci\u00f3n en torno al cuerpo y la imaginaci\u00f3n desde una perspectiva mitopo\u00e9tica.<\/p>\n<p>El trabajo combinar\u00e1 pr\u00e1cticas de movimiento y presencia con voz, escritura, dibujo, pintura y otras formas de aproximarnos a las im\u00e1genes.<\/p>\n<p>No se trata de interpretar las im\u00e1genes ni de buscarles un significado cerrado, sino de permanecer en relaci\u00f3n con ellas y descubrir qu\u00e9 pueden generar.<\/p>\n<p>El recorrido ir\u00e1 de la escucha a la experiencia, de la experiencia a la imagen y de la imagen a la forma: <strong>dar cuerpo a aquello que aparece y encontrar maneras de expresarlo.<\/strong><\/p>\n<hr \/>\n<h2>\u00bfQu\u00e9 exploraremos?<\/h2>\n<ul>\n<li>\n<p><strong>Escucha y atenci\u00f3n corporal<\/strong>, para afinar la percepci\u00f3n y abrir espacio a lo que emerge.<\/p>\n<\/li>\n<li>\n<p><strong>Movimiento, respiraci\u00f3n y voz<\/strong>, como v\u00edas de exploraci\u00f3n y expresi\u00f3n.<\/p>\n<\/li>\n<li>\n<p><strong>Im\u00e1genes y relatos<\/strong>, a partir de mitos, cuentos maravillosos y otras narraciones.<\/p>\n<\/li>\n<li>\n<p><strong>Artes expresivas<\/strong>, utilizando escritura, dibujo, pintura y otras formas de aproximarnos a las im\u00e1genes.<\/p>\n<\/li>\n<li>\n<p><strong>El paso de la experiencia a la forma<\/strong>, explorando c\u00f3mo aquello que aparece puede encontrar un gesto, una voz, una imagen o una forma propia.<\/p>\n<\/li>\n<\/ul>\n<hr \/>\n<h2>Who is it aimed at?<\/h2>\n<p>A personas interesadas en explorar la imaginaci\u00f3n a trav\u00e9s del cuerpo y las artes expresivas.<\/p>\n<p>Est\u00e1 abierto tanto a personas con experiencia en las artes esc\u00e9nicas o visuales como a quienes se acercan por primera vez a este tipo de pr\u00e1ctica.<\/p>\n<p>No se requiere experiencia previa en teatro, danza ni artes pl\u00e1sticas.<\/p>\n<hr \/>\n<h2>Formato<\/h2>\n<p><strong>M\u00f3dulos de 4 semanas<\/strong><\/p>\n<p><strong>Primer m\u00f3dulo:<\/strong><br \/>24 de septiembre \u2013 15 de octubre<\/p>\n<p><strong>Jueves \u00b7 18:30\u201321:00<\/strong><\/p>\n<p><strong>60 \u20ac \/ m\u00f3dulo<\/strong><\/p>\n<hr \/>\n<h2>Place<\/h2>\n<p><strong>La Cuadra \u00b7 Los Nietos Viejos<\/strong><\/p>\n<hr \/>\n<h2>Reservas e informaci\u00f3n<\/h2>\n<p><strong><a href=\"mailto:salalacuadra@gmail.com\">salalacuadra@gmail.com<\/a><\/strong><\/p>\n<p>\u00a0<\/p>\t\t\t\t\t\t<\/div>\n\t\t\t\t<\/div>\n\t\t\t\t\t<\/div>\n\t\t<\/div>\n\t\t\t\t\t\t\t<\/div>\n\t\t<\/section>\n\t\t\t\t\t<\/div>\n\t\t<\/div>\n\t\t\t\t<div class=\"elementor-column elementor-col-50 elementor-top-column elementor-element elementor-element-9d94234\" data-id=\"9d94234\" data-element_type=\"column\">\n\t\t\t<div class=\"elementor-widget-wrap elementor-element-populated\">\n\t\t\t\t\t\t\t\t<section class=\"elementor-section elementor-inner-section elementor-element elementor-element-9b6a469 elementor-section-boxed elementor-section-height-default elementor-section-height-default\" data-id=\"9b6a469\" data-element_type=\"section\">\n\t\t\t\t\t\t<div class=\"elementor-container elementor-column-gap-default\">\n\t\t\t\t\t<div class=\"elementor-column elementor-col-100 elementor-inner-column elementor-element elementor-element-d24ffa5\" data-id=\"d24ffa5\" data-element_type=\"column\">\n\t\t\t<div class=\"elementor-widget-wrap elementor-element-populated\">\n\t\t\t\t\t\t\t\t<div class=\"elementor-element elementor-element-282c483 elementor-widget elementor-widget-image\" data-id=\"282c483\" data-element_type=\"widget\" data-widget_type=\"image.default\">\n\t\t\t\t<div class=\"elementor-widget-container\">\n\t\t\t\t\t\t\t\t\t\t\t\t\t\t\t<img decoding=\"async\" width=\"1536\" height=\"1024\" src=\"https:\/\/salalacuadra.es\/wp-content\/uploads\/2026\/09\/Carlos-Cegarra\u00a9PilarMorales47-1536x1024.jpg\" class=\"attachment-1536x1536 size-1536x1536 wp-image-3480\" alt=\"\" srcset=\"https:\/\/salalacuadra.es\/wp-content\/uploads\/2026\/09\/Carlos-Cegarra\u00a9PilarMorales47-1536x1024.jpg 1536w, https:\/\/salalacuadra.es\/wp-content\/uploads\/2026\/09\/Carlos-Cegarra\u00a9PilarMorales47-2048x1365.jpg 2048w, https:\/\/salalacuadra.es\/wp-content\/uploads\/2026\/09\/Carlos-Cegarra\u00a9PilarMorales47-18x12.jpg 18w\" sizes=\"(max-width: 1536px) 100vw, 1536px\" \/>\t\t\t\t\t\t\t\t\t\t\t\t\t\t\t<\/div>\n\t\t\t\t<\/div>\n\t\t\t\t\t<\/div>\n\t\t<\/div>\n\t\t\t\t\t\t\t<\/div>\n\t\t<\/section>\n\t\t\t\t<section class=\"elementor-section elementor-inner-section elementor-element elementor-element-78bed70 elementor-section-boxed elementor-section-height-default elementor-section-height-default\" data-id=\"78bed70\" data-element_type=\"section\">\n\t\t\t\t\t\t<div class=\"elementor-container elementor-column-gap-default\">\n\t\t\t\t\t<div class=\"elementor-column elementor-col-100 elementor-inner-column elementor-element elementor-element-719f810\" data-id=\"719f810\" data-element_type=\"column\">\n\t\t\t<div class=\"elementor-widget-wrap elementor-element-populated\">\n\t\t\t\t\t\t\t\t<div class=\"elementor-element elementor-element-79c3bbf elementor-widget__width-auto elementor-widget elementor-widget-heading\" data-id=\"79c3bbf\" data-element_type=\"widget\" data-widget_type=\"heading.default\">\n\t\t\t\t<div class=\"elementor-widget-container\">\n\t\t\t<h1 class=\"elementor-heading-title elementor-size-default\">About Carlos<\/h1>\t\t<\/div>\n\t\t\t\t<\/div>\n\t\t\t\t<div class=\"elementor-element elementor-element-4dc1c19 elementor-widget__width-initial elementor-widget elementor-widget-text-editor\" data-id=\"4dc1c19\" data-element_type=\"widget\" data-widget_type=\"text-editor.default\">\n\t\t\t\t<div class=\"elementor-widget-container\">\n\t\t\t\t\t\t\t<p align=\"JUSTIFY\"><strong>Carlos Cegarra<\/strong> Carlos Cegarra is a performing artist, movement educator, and creative process facilitator. Trained at the London International School of Performing Arts (London), he has delved into disciplines such as physical and gestural theater, theatrical play, ritual and pedagogical masking, and the intersections between theater, dance, and somatic techniques.<\/p>\n<p align=\"JUSTIFY\">Her teaching career includes a Master&#039;s degree in Dance and Movement Arts from the UCAM (Murcia), a Diploma in Masks from the University of San Mart\u00edn (Buenos Aires), the Thrissur School of Drama (Kerala, India), Cabuia \u2013 School of Theatre and Movement (Buenos Aires), and the Nouveau Colombier (Madrid).<\/p>\n<p align=\"JUSTIFY\">Recientemente ha formado parte del equipo pedag\u00f3gico de arthaus.berlin\/Thomas Prattki Centre y su trabajo se orienta hacia la integraci\u00f3n de cuerpo, imaginaci\u00f3n y creatividad desde una mirada inici\u00e1tica.<\/p>\n<p align=\"JUSTIFY\">For several years now, he has directed La Cuadra, an art center in a rural setting near the Mar Menor, offering a vision focused on the pedagogical, the collective, and the transformative. This approach seeks to offer an embodied, playful experience connected to the personal and the relational.<\/p>\n<p align=\"JUSTIFY\">He is also the founder and director of the Enkidu Teatro company.\u00a0<\/p>\t\t\t\t\t\t<\/div>\n\t\t\t\t<\/div>\n\t\t\t\t\t<\/div>\n\t\t<\/div>\n\t\t\t\t\t\t\t<\/div>\n\t\t<\/section>\n\t\t\t\t\t<\/div>\n\t\t<\/div>\n\t\t\t\t\t\t\t<\/div>\n\t\t<\/section>\n\t\t\t\t\t\t\t<\/div>","protected":false},"excerpt":{"rendered":"<p>descripci\u00f3n del taller CUERPO IMAGINAL Imaginaci\u00f3n, cuerpo y creaci\u00f3n Descripci\u00f3n del curso Laboratorio de investigaci\u00f3n creativa Un espacio semanal de exploraci\u00f3n en torno al cuerpo y la imaginaci\u00f3n desde una [&hellip;]<\/p>","protected":false},"author":1,"featured_media":0,"parent":0,"menu_order":0,"comment_status":"closed","ping_status":"closed","template":"elementor_header_footer","meta":{"_monsterinsights_skip_tracking":false,"_monsterinsights_sitenote_active":false,"_monsterinsights_sitenote_note":"","_monsterinsights_sitenote_category":0,"footnotes":""},"class_list":["post-3475","page","type-page","status-publish","hentry"],"_links":{"self":[{"href":"https:\/\/salalacuadra.es\/en\/wp-json\/wp\/v2\/pages\/3475","targetHints":{"allow":["GET"]}}],"collection":[{"href":"https:\/\/salalacuadra.es\/en\/wp-json\/wp\/v2\/pages"}],"about":[{"href":"https:\/\/salalacuadra.es\/en\/wp-json\/wp\/v2\/types\/page"}],"author":[{"embeddable":true,"href":"https:\/\/salalacuadra.es\/en\/wp-json\/wp\/v2\/users\/1"}],"replies":[{"embeddable":true,"href":"https:\/\/salalacuadra.es\/en\/wp-json\/wp\/v2\/comments?post=3475"}],"version-history":[{"count":7,"href":"https:\/\/salalacuadra.es\/en\/wp-json\/wp\/v2\/pages\/3475\/revisions"}],"predecessor-version":[{"id":3489,"href":"https:\/\/salalacuadra.es\/en\/wp-json\/wp\/v2\/pages\/3475\/revisions\/3489"}],"wp:attachment":[{"href":"https:\/\/salalacuadra.es\/en\/wp-json\/wp\/v2\/media?parent=3475"}],"curies":[{"name":"wp","href":"https:\/\/api.w.org\/{rel}","templated":true}]}}

<div data-elementor-type="wp-page" data-elementor-id="3475" class="elementor elementor-3475">
									<section class="elementor-section elementor-top-section elementor-element elementor-element-f3455c4 elementor-section-height-min-height elementor-section-boxed elementor-section-height-default elementor-section-items-middle" data-id="f3455c4" data-element_type="section" data-settings="{&quot;background_background&quot;:&quot;classic&quot;}">
							<div class="elementor-background-overlay"></div>
							<div class="elementor-container elementor-column-gap-default">
					<div class="elementor-column elementor-col-100 elementor-top-column elementor-element elementor-element-4e436ac" data-id="4e436ac" data-element_type="column">
			<div class="elementor-widget-wrap elementor-element-populated">
									</div>
		</div>
							</div>
		</section>
				<section class="elementor-section elementor-top-section elementor-element elementor-element-60cfe16 elementor-section-boxed elementor-section-height-default elementor-section-height-default" data-id="60cfe16" data-element_type="section">
						<div class="elementor-container elementor-column-gap-wider">
					<div class="elementor-column elementor-col-50 elementor-top-column elementor-element elementor-element-ed87ee2" data-id="ed87ee2" data-element_type="column">
			<div class="elementor-widget-wrap elementor-element-populated">
								<section class="elementor-section elementor-inner-section elementor-element elementor-element-68ebe3a elementor-section-boxed elementor-section-height-default elementor-section-height-default" data-id="68ebe3a" data-element_type="section">
						<div class="elementor-container elementor-column-gap-default">
					<div class="elementor-column elementor-col-100 elementor-inner-column elementor-element elementor-element-83eb817" data-id="83eb817" data-element_type="column">
			<div class="elementor-widget-wrap elementor-element-populated">
								<div class="elementor-element elementor-element-36ccd5b elementor-widget__width-auto elementor-widget elementor-widget-heading" data-id="36ccd5b" data-element_type="widget" data-widget_type="heading.default">
				<div class="elementor-widget-container">
			<h1 class="elementor-heading-title elementor-size-default">workshop description</h1>		</div>
				</div>
				<div class="elementor-element elementor-element-6e66d81 elementor-widget elementor-widget-text-editor" data-id="6e66d81" data-element_type="widget" data-widget_type="text-editor.default">
				<div class="elementor-widget-container">
							<h1>CUERPO IMAGINAL</h1>
<h3>Imaginación, cuerpo y creación</h3>
<h2>Descripción del curso</h2>
<p><strong>Laboratorio de investigación creativa</strong></p>
<p>Un espacio semanal de exploración en torno al cuerpo y la imaginación desde una perspectiva mitopoética.</p>
<p>El trabajo combinará prácticas de movimiento y presencia con voz, escritura, dibujo, pintura y otras formas de aproximarnos a las imágenes.</p>
<p>No se trata de interpretar las imágenes ni de buscarles un significado cerrado, sino de permanecer en relación con ellas y descubrir qué pueden generar.</p>
<p>El recorrido irá de la escucha a la experiencia, de la experiencia a la imagen y de la imagen a la forma: <strong>dar cuerpo a aquello que aparece y encontrar maneras de expresarlo.</strong></p>
<hr />
<h2>¿Qué exploraremos?</h2>
<ul>
<li>
<p><strong>Escucha y atención corporal</strong>, para afinar la percepción y abrir espacio a lo que emerge.</p>
</li>
<li>
<p><strong>Movimiento, respiración y voz</strong>, como vías de exploración y expresión.</p>
</li>
<li>
<p><strong>Imágenes y relatos</strong>, a partir de mitos, cuentos maravillosos y otras narraciones.</p>
</li>
<li>
<p><strong>Artes expresivas</strong>, utilizando escritura, dibujo, pintura y otras formas de aproximarnos a las imágenes.</p>
</li>
<li>
<p><strong>El paso de la experiencia a la forma</strong>, explorando cómo aquello que aparece puede encontrar un gesto, una voz, una imagen o una forma propia.</p>
</li>
</ul>
<hr />
<h2>Who is it aimed at?</h2>
<p>A personas interesadas en explorar la imaginación a través del cuerpo y las artes expresivas.</p>
<p>Está abierto tanto a personas con experiencia en las artes escénicas o visuales como a quienes se acercan por primera vez a este tipo de práctica.</p>
<p>No se requiere experiencia previa en teatro, danza ni artes plásticas.</p>
<hr />
<h2>Formato</h2>
<p><strong>Módulos de 4 semanas</strong></p>
<p><strong>Primer módulo:</strong><br />24 de septiembre – 15 de octubre</p>
<p><strong>Jueves · 18:30–21:00</strong></p>
<p><strong>60 € / módulo</strong></p>
<hr />
<h2>Place</h2>
<p><strong>La Cuadra · Los Nietos Viejos</strong></p>
<hr />
<h2>Reservas e información</h2>
<p><strong><a href="mailto:salalacuadra@gmail.com">salalacuadra@gmail.com</a></strong></p>
<p> </p>						</div>
				</div>
					</div>
		</div>
							</div>
		</section>
					</div>
		</div>
				<div class="elementor-column elementor-col-50 elementor-top-column elementor-element elementor-element-9d94234" data-id="9d94234" data-element_type="column">
			<div class="elementor-widget-wrap elementor-element-populated">
								<section class="elementor-section elementor-inner-section elementor-element elementor-element-9b6a469 elementor-section-boxed elementor-section-height-default elementor-section-height-default" data-id="9b6a469" data-element_type="section">
						<div class="elementor-container elementor-column-gap-default">
					<div class="elementor-column elementor-col-100 elementor-inner-column elementor-element elementor-element-d24ffa5" data-id="d24ffa5" data-element_type="column">
			<div class="elementor-widget-wrap elementor-element-populated">
								<div class="elementor-element elementor-element-282c483 elementor-widget elementor-widget-image" data-id="282c483" data-element_type="widget" data-widget_type="image.default">
				<div class="elementor-widget-container">
															<img decoding="async" width="1536" height="1024" src="https://salalacuadra.es/wp-content/uploads/2026/09/Carlos-Cegarra©PilarMorales47-1536x1024.jpg" class="attachment-1536x1536 size-1536x1536 wp-image-3480" alt="" srcset="https://salalacuadra.es/wp-content/uploads/2026/09/Carlos-Cegarra©PilarMorales47-1536x1024.jpg 1536w, https://salalacuadra.es/wp-content/uploads/2026/09/Carlos-Cegarra©PilarMorales47-2048x1365.jpg 2048w, https://salalacuadra.es/wp-content/uploads/2026/09/Carlos-Cegarra©PilarMorales47-18x12.jpg 18w" sizes="(max-width: 1536px) 100vw, 1536px" />															</div>
				</div>
					</div>
		</div>
							</div>
		</section>
				<section class="elementor-section elementor-inner-section elementor-element elementor-element-78bed70 elementor-section-boxed elementor-section-height-default elementor-section-height-default" data-id="78bed70" data-element_type="section">
						<div class="elementor-container elementor-column-gap-default">
					<div class="elementor-column elementor-col-100 elementor-inner-column elementor-element elementor-element-719f810" data-id="719f810" data-element_type="column">
			<div class="elementor-widget-wrap elementor-element-populated">
								<div class="elementor-element elementor-element-79c3bbf elementor-widget__width-auto elementor-widget elementor-widget-heading" data-id="79c3bbf" data-element_type="widget" data-widget_type="heading.default">
				<div class="elementor-widget-container">
			<h1 class="elementor-heading-title elementor-size-default">About Carlos</h1>		</div>
				</div>
				<div class="elementor-element elementor-element-4dc1c19 elementor-widget__width-initial elementor-widget elementor-widget-text-editor" data-id="4dc1c19" data-element_type="widget" data-widget_type="text-editor.default">
				<div class="elementor-widget-container">
							<p align="JUSTIFY"><strong>Carlos Cegarra</strong> Carlos Cegarra is a performing artist, movement educator, and creative process facilitator. Trained at the London International School of Performing Arts (London), he has delved into disciplines such as physical and gestural theater, theatrical play, ritual and pedagogical masking, and the intersections between theater, dance, and somatic techniques.</p>
<p align="JUSTIFY">Her teaching career includes a Master&#039;s degree in Dance and Movement Arts from the UCAM (Murcia), a Diploma in Masks from the University of San Martín (Buenos Aires), the Thrissur School of Drama (Kerala, India), Cabuia – School of Theatre and Movement (Buenos Aires), and the Nouveau Colombier (Madrid).</p>
<p align="JUSTIFY">Recientemente ha formado parte del equipo pedagógico de arthaus.berlin/Thomas Prattki Centre y su trabajo se orienta hacia la integración de cuerpo, imaginación y creatividad desde una mirada iniciática.</p>
<p align="JUSTIFY">For several years now, he has directed La Cuadra, an art center in a rural setting near the Mar Menor, offering a vision focused on the pedagogical, the collective, and the transformative. This approach seeks to offer an embodied, playful experience connected to the personal and the relational.</p>
<p align="JUSTIFY">He is also the founder and director of the Enkidu Teatro company. </p>						</div>
				</div>
					</div>
		</div>
							</div>
		</section>
					</div>
		</div>
							</div>
		</section>
							</div>

<p>descripción del taller CUERPO IMAGINAL Imaginación, cuerpo y creación Descripción del curso Laboratorio de investigación creativa Un espacio semanal de exploración en torno al cuerpo y la imaginación desde una [&hellip;]</p>
